. Calculate the remainder when 151 is divided by o.
15
Let c = -15 + 26. Let p = 25 - 21. Suppose 129 + 35 = p*o. Calculate the remainder when o is divided by c.
8
Let t(v) = -v**3 + 15*v**2 + 15*v + 21. Let s be t(16). Let j(m) = m**2 - 2*m - 5. Let r = 15 + 24. Calculate the remainder when r is divided by j(s).
9
Suppose -22*y + 1853 = 269. Calculate the remainder when 89 is divided by y.
17
Let q(s) = 10*s + 3. What is the remainder when q(8) is divided by 12?
11
Let m(i) = i**3 - 11*i**2 + 11*i - 13. Let y be m(10). Let a be 7*y/(-6)*2. Let g = a - -32. Calculate the remainder when g is divided by 10.
9
Suppose -r = r - 34. Let s be 12/(-16) + 1046/8. Suppose -3*d + d + s = 0. Calculate the remainder when d is divided by r.
14
Let o be ((-12)/9)/(6/(-9)). Suppose 2*i + 4*q = 10, o*i - 5*q - 34 = -3*q. What is the remainder when 89 is divided by i?
11
Let d = -232 - -279. Calculate the remainder when d is divided by 18.
11
Suppose 14*v - 2169 - 71 = 0. Calculate the remainder when v is divided by 15.
10
Let n(a) = -a**2 + 32. Calculate the remainder when 70 is divided by n(0).
6
Let n(u) = 11*u + 9. Let x be n(10). Let k = x + -65. Calculate the remainder when 1*(2 + k + 3) is divided by 20.
19
Let z(q) = 7*q - 1. Let o be z(5). Let i = -11 + o. What is the remainder when i is divided by 7?
2
Suppose -5*u = -n + 7, -4*u - 6 = -4*n + 6. Suppose 0 = -8*t + 3*t + 2*z - 32, 0 = t - n*z. What is the remainder when (-522)/24*t/3 is divided by 15?
13
Suppose -2*c - b = -5*c + 257, c - 3*b - 75 = 0. Let f = -19 - -32. Suppose -9 - f = -g. Calculate the remainder when c is divided by g.
21
Let o be 2/6 + (-112)/(-42). Suppose 3*x - o = -3*m, 5 = -5*m + 5*x + 20. Suppose m + 0 = 2*i, 46 = h + i. What is the remainder when h is divided by 12?
9
Let z(b) = -3*b**3 - b**2 + b + 1. Calculate the remainder when 5 is divided by z(-1).
1
Suppose 3*n + 5*q - 43 = -8, -n + 2*q = 3. Calculate the remainder when 58 is divided by n.
3
Let k(m) = -6*m + 4. Let g be k(-6). Suppose -d + 12 = -g. Suppose -5*z = -z - d. What is the remainder when 21 is divided by z?
8
What is the remainder when 2/10 - (-2128)/35 is divided by 34?
27
Let a = -14 + 19. Suppose -17 - a = -u - 4*t, -20 = -2*u - 2*t. What is the remainder when (4/u)/((-2)/(-186)) is divided by 16?
14
Suppose 0 = -3*x + 148 + 110. What is the remainder when x is divided by 8?
6
Suppose -5*v + 9 = -1. Suppose 3*a + 2*x = -0*x + 230, -v*a - 4*x + 148 = 0. Calculate the remainder when a is divided by 16.
14
Let k(m) = m**3 + 2*m**2 + 2*m. Let g be k(-2). Suppose 225*t = 166*t + 590. What is the remainder when (-2)/(1/(38/g)) is divided by t?
9
Let y(x) = x - 1. Let q be y(0). What is the remainder when 11/5 + -2 + 645/25 is divided by 9 - (2/(-2) - q)?
8
Let h(r) = 52*r + 32. Calculate the remainder when h(3) is divided by 63.
62
Let a = -477 - -1067. Calculate the remainder when a is divided by 22.
18
Suppose -340 = -8*p + 68. Calculate the remainder when 162 is divided by p.
9
Suppose 29*r + 5*h - 171 = 25*r, 4*r = -h + 159. What is the remainder when r is divided by 8?
7
Let v = 208 - 203. Suppose v = -p - 4*n, 3*n = 3*p - 53 + 8. Let o = 0 + 5. What is the remainder when p is divided by o?
1
Let g = -19 - -40. Let u(k) = k**3 - k + 282. Let q be u(0). Suppose -5*x + 133 = -q. What is the remainder when x is divided by g?
20
Let a = 67 - 48. Suppose -643 = 2*k - 3*r, -4*k + 4*r + 678 = -6*k. Calculate the remainder when 4/24 + k/(-6) is divided by a.
17
Suppose 66 - 701 = -5*o. Suppose 112 = 3*v - 4*l, -11*v + 8*v + 108 = -3*l. What is the remainder when o is divided by v?
31
Suppose 0 = -0*h + 3*h - 9. Calculate the remainder when 3 is divided by 6/4 + h/6.
1
Let q(b) = -b**3 + 8*b**2 + 6*b - 15. What is the remainder when 229 is divided by q(8)?
31
Let k be -13*-2*4 - 4. Let f = k - 15. Let b(c) = -c**2 + 10*c - 2. What is the remainder when f is divided by b(4)?
19
Let g(i) be the first derivative of 7*i**2/2 - 7*i - 127. Let m(u) = -2*u - 3. Let s be m(-3). Calculate the remainder when 26 is divided by g(s).
12
Suppose f + 3*n = 43, f - 70 = -f - 2*n. Suppose -f = -g - 2. What is the remainder when 85 is divided by g?
27
Suppose -2 = 4*q + n + 8, 4*n - 5 = -q. What is the remainder when 21 is divided by 2*q/2*-4?
9
Let r(a) = -15*a - 2. Let b be (-20)/(-10)*2/(-4). Calculate the remainder when 64 is divided by r(b).
12
Suppose j - v - 146 = 0, 6*j = 3*j - 2*v + 463. What is the remainder when j is divided by 13?
8
What is the remainder when 29 is divided by (-72)/((-24)/6) - 11?
1
Let y = -381 + 579. Calculate the remainder when y is divided by 8.
6
Calculate the remainder when 86 is divided by (350/105)/(3/27).
26
Let j(y) = 2*y**2 - 10*y + 29. Let p = 139 - 134. What is the remainder when j(p) is divided by 10?
9
Suppose -4*t = c + 2, -2*c + t + 9 = 2*c. Suppose -25 = 5*l, c*o - 6*o - 4*l + 92 = 0. Calculate the remainder when o is divided by 16.
12
Suppose -a + 1 = -2*a, -a - 100 = -3*k. Suppose -13*n + 28*n = -2295. Let z = n + 170. What is the remainder when k is divided by z?
16
Let o = 290 + -271. Calculate the remainder when 31 is divided by o.
12
Let f = 5916 - 5892. Let u = 9 + 4. What is the remainder when f is divided by u?
11
Let c be (12 + 0)*(-2)/(-3). Suppose c*u - 577 = 199. What is the remainder when u is divided by 26?
19
Let d(x) = -2*x**2 - 7*x - 2. Let i be d(-4). Let p(v) = -2*v + 13. Suppose 4*k = 80 - 24. Calculate the remainder when p(i) is divided by k.
11
Let p = 1593 - 1175. What is the remainder when p is divided by 14?
12
What is the remainder when 25 is divided by (7 + -8)/(0 - -1)*-7?
4
Let i = -401 + 418. Calculate the remainder when 292 is divided by i.
3
Let c = 195 + -139. What is the remainder when 164 is divided by c?
52
Suppose -144 = 63*c - 71*c. Let a(v) = 29*v + 1. What is the remainder when a(1) is divided by c?
12
Let c(b) = 24*b**2 + b + 2. Let j = 4723 - 4706. What is the remainder when c(-2) is divided by j?
11
Suppose 3*d = 10*c - 7*c - 48, 2*d = -2*c + 48. Calculate the remainder when 197 is divided by c.
17
Let c(h) = 94*h**3 + h - 1. Calculate the remainder when c(1) is divided by 15*(-6)/18 + 21.
14
Let i(c) = 5*c**2 + 4 - 2 + 10*c**3 - 8*c**2. Calculate the remainder when i(2) is divided by 24.
22
Suppose 3*i + 1178 = 34*i. Calculate the remainder when 332 is divided by i.
28
Calculate the remainder when 54*1 + (-11 - -5)/2 is divided by 12.
3
Calculate the remainder when (1681/10 - -1) + 62/(-620) is divided by 34.
33
Let q be (-7)/7 - (0 + -5). Suppose -q*k = 3*k - 287. Suppose 3*r - k - 19 = 0. What is the remainder when r is divided by 11?
9
Let g(h) = 120*h**2 - 6*h - 6. Let x be g(-1). Calculate the remainder when 11 is divided by ((-2)/6)/((-4)/x).
1
What is the remainder when (-303)/505 - 3798/(-5) is divided by 40?
39
What is the remainder when 607 is divided by 3*(-44)/(-55)*(-80)/(-6)?
31
Let j = -15 + 46. What is the remainder when 102 is divided by j?
9
Let s(h) = 6*h + 13. Let i(y) = -6*y - 13. Let u(q) = 4*i(q) + 3*s(q). Calculate the remainder when u(-4) is divided by (-4 + 3)*(-3)/1.
2
Suppose 435*o - 30 = 432*o. Suppose 3*j - 76 = 2*q, -3*j + 156 = 2*j + 4*q. What is the remainder when j is divided by o?
8
Let u(a) = -10*a - 111. What is the remainder when 42 is divided by u(-14)?
13
Suppose 32 = d - 3*m, 12 - 7 = -m. Calculate the remainder when d is divided by 3.
2
Let u = -2704 + 4014. Calculate the remainder when u is divided by 23.
22
Let a(p) = p**2 + 16*p + 8. Suppose -17 = -5*r - 4*j - 101, -3*r + 4*j - 44 = 0. Calculate the remainder when 24 is divided by a(r).
0
Let s be -9 - (-8)/(-4)*-1. Let c = 25 - s. Calculate the remainder when 93 is divided by c.
29
Let g = 41 - 19. Calculate the remainder when 41 is divided by g.
19
Let l = -1006 + 1194. What is the remainder when l is divided by 19?
17
Let c(z) = z + 7. Let f be c(7). Let y = f - -20. Calculate the remainder when 100 is divided by y.
32
Suppose -16 = -2*i - 2*i. Suppose 0*f = 2*w - f - 115, -4*f = i. What is the remainder when w is divided by 6/21 + (-206)/(-14)?
12
Let n(x) = -5*x + 489. Calculate the remainder when n(39) is divided by 76.
66
Let d = 3 - -2. Suppose -o - d = -2. Calculate the remainder when (-2)/(412/(-136) - o) is divided by 14.
12
Suppose